{"id":11975,"date":"2024-03-18T15:33:31","date_gmt":"2024-03-18T14:33:31","guid":{"rendered":"https:\/\/www.dd-secondhome.nl\/woning\/braz-bludenz-vorarlberg-unterradin\/"},"modified":"2025-09-10T13:28:29","modified_gmt":"2025-09-10T12:28:29","slug":"braz-bludenz-vorarlberg-unterradin","status":"publish","type":"woning","link":"https:\/\/www.dd-secondhome.nl\/de\/woning\/braz-bludenz-vorarlberg-unterradin\/","title":{"rendered":"Braz\/ Bludenz &#8211; Vorarlberg Unterradin"},"content":{"rendered":"<p><span style=\"font-weight: 400;\">Versteckt in einer bezaubernden Berglandschaft entsteht dieses wundersch\u00f6ne Projekt. Die Wohnungen bieten ein perfektes Gleichgewicht zwischen traditionellem Charakter und modernem Luxus. Die Verwendung von lokalem Holz, sowohl an der Fassade als auch in den Innenr\u00e4umen, spiegelt Authentizit\u00e4t und W\u00e4rme wider.<\/span><\/p>\n<p>&nbsp;<\/p>\n<p><span style=\"font-weight: 400;\">Erfahrene regionale Handwerker sorgen f\u00fcr eine hochwertige Verarbeitung, die jede Wohnung zu einem einzigartigen Meisterwerk macht.<\/span><\/p>\n<p>&nbsp;<\/p>\n<p><span style=\"font-weight: 400;\">Die hellen, gro\u00dfz\u00fcgigen R\u00e4ume, die erstklassige Ausstattung und die unvergleichliche Lage mit atemberaubendem Panorama bieten den idealen Rahmen f\u00fcr ein unvergessliches Urlaubserlebnis.<\/span><\/p>\n<p>&nbsp;<\/p>\n<p><span style=\"font-weight: 400;\">Bludenz ist ein beliebter Ausgangspunkt f\u00fcr Sportbegeisterte, Naturliebhaber und Kulturinteressierte. Die charmante Alpenstadt ist von f\u00fcnf sternf\u00f6rmig angelegten Alpent\u00e4lern umgeben, von denen jedes seinen eigenen Charakter und seine eigene Sch\u00f6nheit besitzt.<\/span><\/p>\n<p>&nbsp;<\/p>\n<p><span style=\"font-weight: 400;\">Das Besondere an diesem Projekt ist, dass die Wohnungen als Ferienh\u00e4user ohne Mietverpflichtung gedacht sind und Sie so die M\u00f6glichkeit haben, einen besonderen Ort in den Alpen Ihr eigenes Zuhause zu nennen.<\/span><\/p>\n<p>&nbsp;<\/p>\n<p><span style=\"font-weight: 400;\">Lage: Perfekt gelegen im Klostertal. Zwischen Arlberg und Bludenz, ca. 850 km. von Utrecht entfernt.<\/span><\/p>\n<p>&nbsp;<\/p>\n<p><span style=\"font-weight: 400;\">Winter-Aktivit\u00e4ten: Genie\u00dfen Sie verschiedene Winteraktivit\u00e4ten wie Winterwanderungen, Skifahren auf den Pisten von 5 Skigebieten, die in ca. 20 Autominuten zu erreichen sind.<\/span><\/p>\n<p>&nbsp;<\/p>\n<p><span style=\"font-weight: 400;\">Schneesicherheit: 1 hervorgehobenes Skigebiet: Der besondere Sonnenkopf, der Ihnen immer Naturschnee und viele Sonnenstunden bietet.<\/span><\/p>\n<p>&nbsp;<\/p>\n<p><span style=\"font-weight: 400;\">Sommeraktivit\u00e4ten: Das Projekt befindet sich direkt am sch\u00f6nen 18-Loch-Golfplatz in BRAZ-Bludenz.<\/span><\/p>\n<p>&nbsp;<\/p>\n<p><span style=\"font-weight: 400;\">Einkaufsm\u00f6glichkeiten: In kurzer Entfernung befindet sich das Dorf B\u00fcrs mit einem gro\u00dfen und gem\u00fctlichen Einkaufszentrum, w\u00e4hrend das nahe gelegene Bludenz viel zu bieten hat. Auch die St\u00e4dte Bregenz, Feldkirch und Dornbirn sind einen Besuch wert.<\/span><\/p>\n<p>&nbsp;<\/p>\n<p><span style=\"font-weight: 400;\">Erreichbarkeit: Braz liegt im Bundesland Vorarlberg, in der 4-L\u00e4nder-Region mit Deutschland, Liechtenstein und der Schweiz. Die Flugh\u00e4fen Z\u00fcrich und Innsbruck sind mit dem Zug leicht zu erreichen, so dass die Region auch mit dem Flugzeug gut erreichbar ist.<\/span><\/p>\n","protected":false},"excerpt":{"rendered":"<p>Versteckt in einer bezaubernden Berglandschaft entsteht dieses wundersch\u00f6ne Projekt. Die Wohnungen bieten ein perfektes Gleichgewicht zwischen traditionellem Charakter und modernem Luxus. Die Verwendung von lokalem Holz, sowohl an der Fassade als auch in den Innenr\u00e4umen, spiegelt Authentizit\u00e4t und W\u00e4rme wider. &nbsp; Erfahrene regionale Handwerker sorgen f\u00fcr eine hochwertige Verarbeitung, die jede Wohnung zu einem einzigartigen [&hellip;]<\/p>\n","protected":false},"featured_media":10983,"menu_order":33,"template":"","meta":{"_acf_changed":false,"footnotes":""},"categories":[],"tags":[],"class_list":["post-11975","woning","type-woning","status-publish","has-post-thumbnail","hentry"],"acf":[],"yoast_head":"<!-- This site is optimized with the Yoast SEO plugin v25.4 - https:\/\/yoast.com\/wordpress\/plugins\/seo\/ -->\n<title>Braz\/ Bludenz - Vorarlberg Unterradin - D&amp;D Second Home<\/title>\n<meta name=\"robots\" content=\"index, follow, max-snippet:-1, max-image-preview:large, max-video-preview:-1\" \/>\n<link rel=\"canonical\" href=\"https:\/\/www.dd-secondhome.nl\/de\/woning\/braz-bludenz-vorarlberg-unterradin\/\" \/>\n<meta property=\"og:locale\" content=\"de_DE\" \/>\n<meta property=\"og:type\" content=\"article\" \/>\n<meta property=\"og:title\" content=\"Braz\/ Bludenz - Vorarlberg Unterradin - D&amp;D Second Home\" \/>\n<meta property=\"og:description\" content=\"Versteckt in einer bezaubernden Berglandschaft entsteht dieses wundersch\u00f6ne Projekt. Die Wohnungen bieten ein perfektes Gleichgewicht zwischen traditionellem Charakter und modernem Luxus. Die Verwendung von lokalem Holz, sowohl an der Fassade als auch in den Innenr\u00e4umen, spiegelt Authentizit\u00e4t und W\u00e4rme wider. &nbsp; Erfahrene regionale Handwerker sorgen f\u00fcr eine hochwertige Verarbeitung, die jede Wohnung zu einem einzigartigen [&hellip;]\" \/>\n<meta property=\"og:url\" content=\"https:\/\/www.dd-secondhome.nl\/de\/woning\/braz-bludenz-vorarlberg-unterradin\/\" \/>\n<meta property=\"og:site_name\" content=\"D&amp;D Second Home\" \/>\n<meta property=\"article:modified_time\" content=\"2025-09-10T12:28:29+00:00\" \/>\n<meta property=\"og:image\" content=\"https:\/\/www.dd-secondhome.nl\/wp-content\/uploads\/2024\/03\/210510-1510-Unterradin-Bild-02.jpg\" \/>\n\t<meta property=\"og:image:width\" content=\"1024\" \/>\n\t<meta property=\"og:image:height\" content=\"576\" \/>\n\t<meta property=\"og:image:type\" content=\"image\/jpeg\" \/>\n<meta name=\"twitter:card\" content=\"summary_large_image\" \/>\n<meta name=\"twitter:label1\" content=\"Gesch\u00e4tzte Lesezeit\" \/>\n\t<meta name=\"twitter:data1\" content=\"2\u00a0Minuten\" \/>\n<script type=\"application\/ld+json\" class=\"yoast-schema-graph\">{\"@context\":\"https:\/\/schema.org\",\"@graph\":[{\"@type\":\"WebPage\",\"@id\":\"https:\/\/www.dd-secondhome.nl\/de\/woning\/braz-bludenz-vorarlberg-unterradin\/\",\"url\":\"https:\/\/www.dd-secondhome.nl\/de\/woning\/braz-bludenz-vorarlberg-unterradin\/\",\"name\":\"Braz\/ Bludenz - Vorarlberg Unterradin - D&amp;D Second Home\",\"isPartOf\":{\"@id\":\"https:\/\/www.dd-secondhome.nl\/de\/#website\"},\"primaryImageOfPage\":{\"@id\":\"https:\/\/www.dd-secondhome.nl\/de\/woning\/braz-bludenz-vorarlberg-unterradin\/#primaryimage\"},\"image\":{\"@id\":\"https:\/\/www.dd-secondhome.nl\/de\/woning\/braz-bludenz-vorarlberg-unterradin\/#primaryimage\"},\"thumbnailUrl\":\"https:\/\/www.dd-secondhome.nl\/wp-content\/uploads\/2024\/03\/210510-1510-Unterradin-Bild-02.jpg\",\"datePublished\":\"2024-03-18T14:33:31+00:00\",\"dateModified\":\"2025-09-10T12:28:29+00:00\",\"breadcrumb\":{\"@id\":\"https:\/\/www.dd-secondhome.nl\/de\/woning\/braz-bludenz-vorarlberg-unterradin\/#breadcrumb\"},\"inLanguage\":\"de\",\"potentialAction\":[{\"@type\":\"ReadAction\",\"target\":[\"https:\/\/www.dd-secondhome.nl\/de\/woning\/braz-bludenz-vorarlberg-unterradin\/\"]}]},{\"@type\":\"ImageObject\",\"inLanguage\":\"de\",\"@id\":\"https:\/\/www.dd-secondhome.nl\/de\/woning\/braz-bludenz-vorarlberg-unterradin\/#primaryimage\",\"url\":\"https:\/\/www.dd-secondhome.nl\/wp-content\/uploads\/2024\/03\/210510-1510-Unterradin-Bild-02.jpg\",\"contentUrl\":\"https:\/\/www.dd-secondhome.nl\/wp-content\/uploads\/2024\/03\/210510-1510-Unterradin-Bild-02.jpg\",\"width\":1024,\"height\":576},{\"@type\":\"BreadcrumbList\",\"@id\":\"https:\/\/www.dd-secondhome.nl\/de\/woning\/braz-bludenz-vorarlberg-unterradin\/#breadcrumb\",\"itemListElement\":[{\"@type\":\"ListItem\",\"position\":1,\"name\":\"Home\",\"item\":\"https:\/\/www.dd-secondhome.nl\/de\/\"},{\"@type\":\"ListItem\",\"position\":2,\"name\":\"Braz\/ Bludenz &#8211; Vorarlberg Unterradin\"}]},{\"@type\":\"WebSite\",\"@id\":\"https:\/\/www.dd-secondhome.nl\/de\/#website\",\"url\":\"https:\/\/www.dd-secondhome.nl\/de\/\",\"name\":\"D&amp;D Second Home\",\"description\":\"\",\"potentialAction\":[{\"@type\":\"SearchAction\",\"target\":{\"@type\":\"EntryPoint\",\"urlTemplate\":\"https:\/\/www.dd-secondhome.nl\/de\/?s={search_term_string}\"},\"query-input\":{\"@type\":\"PropertyValueSpecification\",\"valueRequired\":true,\"valueName\":\"search_term_string\"}}],\"inLanguage\":\"de\"}]}<\/script>\n<!-- \/ Yoast SEO plugin. -->","yoast_head_json":{"title":"Braz\/ Bludenz - Vorarlberg Unterradin - D&amp;D Second Home","robots":{"index":"index","follow":"follow","max-snippet":"max-snippet:-1","max-image-preview":"max-image-preview:large","max-video-preview":"max-video-preview:-1"},"canonical":"https:\/\/www.dd-secondhome.nl\/de\/woning\/braz-bludenz-vorarlberg-unterradin\/","og_locale":"de_DE","og_type":"article","og_title":"Braz\/ Bludenz - Vorarlberg Unterradin - D&amp;D Second Home","og_description":"Versteckt in einer bezaubernden Berglandschaft entsteht dieses wundersch\u00f6ne Projekt. Die Wohnungen bieten ein perfektes Gleichgewicht zwischen traditionellem Charakter und modernem Luxus. Die Verwendung von lokalem Holz, sowohl an der Fassade als auch in den Innenr\u00e4umen, spiegelt Authentizit\u00e4t und W\u00e4rme wider. &nbsp; Erfahrene regionale Handwerker sorgen f\u00fcr eine hochwertige Verarbeitung, die jede Wohnung zu einem einzigartigen [&hellip;]","og_url":"https:\/\/www.dd-secondhome.nl\/de\/woning\/braz-bludenz-vorarlberg-unterradin\/","og_site_name":"D&amp;D Second Home","article_modified_time":"2025-09-10T12:28:29+00:00","og_image":[{"width":1024,"height":576,"url":"https:\/\/www.dd-secondhome.nl\/wp-content\/uploads\/2024\/03\/210510-1510-Unterradin-Bild-02.jpg","type":"image\/jpeg"}],"twitter_card":"summary_large_image","twitter_misc":{"Gesch\u00e4tzte Lesezeit":"2\u00a0Minuten"},"schema":{"@context":"https:\/\/schema.org","@graph":[{"@type":"WebPage","@id":"https:\/\/www.dd-secondhome.nl\/de\/woning\/braz-bludenz-vorarlberg-unterradin\/","url":"https:\/\/www.dd-secondhome.nl\/de\/woning\/braz-bludenz-vorarlberg-unterradin\/","name":"Braz\/ Bludenz - Vorarlberg Unterradin - D&amp;D Second Home","isPartOf":{"@id":"https:\/\/www.dd-secondhome.nl\/de\/#website"},"primaryImageOfPage":{"@id":"https:\/\/www.dd-secondhome.nl\/de\/woning\/braz-bludenz-vorarlberg-unterradin\/#primaryimage"},"image":{"@id":"https:\/\/www.dd-secondhome.nl\/de\/woning\/braz-bludenz-vorarlberg-unterradin\/#primaryimage"},"thumbnailUrl":"https:\/\/www.dd-secondhome.nl\/wp-content\/uploads\/2024\/03\/210510-1510-Unterradin-Bild-02.jpg","datePublished":"2024-03-18T14:33:31+00:00","dateModified":"2025-09-10T12:28:29+00:00","breadcrumb":{"@id":"https:\/\/www.dd-secondhome.nl\/de\/woning\/braz-bludenz-vorarlberg-unterradin\/#breadcrumb"},"inLanguage":"de","potentialAction":[{"@type":"ReadAction","target":["https:\/\/www.dd-secondhome.nl\/de\/woning\/braz-bludenz-vorarlberg-unterradin\/"]}]},{"@type":"ImageObject","inLanguage":"de","@id":"https:\/\/www.dd-secondhome.nl\/de\/woning\/braz-bludenz-vorarlberg-unterradin\/#primaryimage","url":"https:\/\/www.dd-secondhome.nl\/wp-content\/uploads\/2024\/03\/210510-1510-Unterradin-Bild-02.jpg","contentUrl":"https:\/\/www.dd-secondhome.nl\/wp-content\/uploads\/2024\/03\/210510-1510-Unterradin-Bild-02.jpg","width":1024,"height":576},{"@type":"BreadcrumbList","@id":"https:\/\/www.dd-secondhome.nl\/de\/woning\/braz-bludenz-vorarlberg-unterradin\/#breadcrumb","itemListElement":[{"@type":"ListItem","position":1,"name":"Home","item":"https:\/\/www.dd-secondhome.nl\/de\/"},{"@type":"ListItem","position":2,"name":"Braz\/ Bludenz &#8211; Vorarlberg Unterradin"}]},{"@type":"WebSite","@id":"https:\/\/www.dd-secondhome.nl\/de\/#website","url":"https:\/\/www.dd-secondhome.nl\/de\/","name":"D&amp;D Second Home","description":"","potentialAction":[{"@type":"SearchAction","target":{"@type":"EntryPoint","urlTemplate":"https:\/\/www.dd-secondhome.nl\/de\/?s={search_term_string}"},"query-input":{"@type":"PropertyValueSpecification","valueRequired":true,"valueName":"search_term_string"}}],"inLanguage":"de"}]}},"_links":{"self":[{"href":"https:\/\/www.dd-secondhome.nl\/de\/wp-json\/wp\/v2\/woning\/11975","targetHints":{"allow":["GET"]}}],"collection":[{"href":"https:\/\/www.dd-secondhome.nl\/de\/wp-json\/wp\/v2\/woning"}],"about":[{"href":"https:\/\/www.dd-secondhome.nl\/de\/wp-json\/wp\/v2\/types\/woning"}],"version-history":[{"count":1,"href":"https:\/\/www.dd-secondhome.nl\/de\/wp-json\/wp\/v2\/woning\/11975\/revisions"}],"predecessor-version":[{"id":13856,"href":"https:\/\/www.dd-secondhome.nl\/de\/wp-json\/wp\/v2\/woning\/11975\/revisions\/13856"}],"wp:featuredmedia":[{"embeddable":true,"href":"https:\/\/www.dd-secondhome.nl\/de\/wp-json\/wp\/v2\/media\/10983"}],"wp:attachment":[{"href":"https:\/\/www.dd-secondhome.nl\/de\/wp-json\/wp\/v2\/media?parent=11975"}],"wp:term":[{"taxonomy":"category","embeddable":true,"href":"https:\/\/www.dd-secondhome.nl\/de\/wp-json\/wp\/v2\/categories?post=11975"},{"taxonomy":"post_tag","embeddable":true,"href":"https:\/\/www.dd-secondhome.nl\/de\/wp-json\/wp\/v2\/tags?post=11975"}],"curies":[{"name":"wp","href":"https:\/\/api.w.org\/{rel}","templated":true}]}}

<p><span style="font-weight: 400;">Versteckt in einer bezaubernden Berglandschaft entsteht dieses wunderschöne Projekt. Die Wohnungen bieten ein perfektes Gleichgewicht zwischen traditionellem Charakter und modernem Luxus. Die Verwendung von lokalem Holz, sowohl an der Fassade als auch in den Innenräumen, spiegelt Authentizität und Wärme wider.</span></p>
<p>&nbsp;</p>
<p><span style="font-weight: 400;">Erfahrene regionale Handwerker sorgen für eine hochwertige Verarbeitung, die jede Wohnung zu einem einzigartigen Meisterwerk macht.</span></p>
<p>&nbsp;</p>
<p><span style="font-weight: 400;">Die hellen, großzügigen Räume, die erstklassige Ausstattung und die unvergleichliche Lage mit atemberaubendem Panorama bieten den idealen Rahmen für ein unvergessliches Urlaubserlebnis.</span></p>
<p>&nbsp;</p>
<p><span style="font-weight: 400;">Bludenz ist ein beliebter Ausgangspunkt für Sportbegeisterte, Naturliebhaber und Kulturinteressierte. Die charmante Alpenstadt ist von fünf sternförmig angelegten Alpentälern umgeben, von denen jedes seinen eigenen Charakter und seine eigene Schönheit besitzt.</span></p>
<p>&nbsp;</p>
<p><span style="font-weight: 400;">Das Besondere an diesem Projekt ist, dass die Wohnungen als Ferienhäuser ohne Mietverpflichtung gedacht sind und Sie so die Möglichkeit haben, einen besonderen Ort in den Alpen Ihr eigenes Zuhause zu nennen.</span></p>
<p>&nbsp;</p>
<p><span style="font-weight: 400;">Lage: Perfekt gelegen im Klostertal. Zwischen Arlberg und Bludenz, ca. 850 km. von Utrecht entfernt.</span></p>
<p>&nbsp;</p>
<p><span style="font-weight: 400;">Winter-Aktivitäten: Genießen Sie verschiedene Winteraktivitäten wie Winterwanderungen, Skifahren auf den Pisten von 5 Skigebieten, die in ca. 20 Autominuten zu erreichen sind.</span></p>
<p>&nbsp;</p>
<p><span style="font-weight: 400;">Schneesicherheit: 1 hervorgehobenes Skigebiet: Der besondere Sonnenkopf, der Ihnen immer Naturschnee und viele Sonnenstunden bietet.</span></p>
<p>&nbsp;</p>
<p><span style="font-weight: 400;">Sommeraktivitäten: Das Projekt befindet sich direkt am schönen 18-Loch-Golfplatz in BRAZ-Bludenz.</span></p>
<p>&nbsp;</p>
<p><span style="font-weight: 400;">Einkaufsmöglichkeiten: In kurzer Entfernung befindet sich das Dorf Bürs mit einem großen und gemütlichen Einkaufszentrum, während das nahe gelegene Bludenz viel zu bieten hat. Auch die Städte Bregenz, Feldkirch und Dornbirn sind einen Besuch wert.</span></p>
<p>&nbsp;</p>
<p><span style="font-weight: 400;">Erreichbarkeit: Braz liegt im Bundesland Vorarlberg, in der 4-Länder-Region mit Deutschland, Liechtenstein und der Schweiz. Die Flughäfen Zürich und Innsbruck sind mit dem Zug leicht zu erreichen, so dass die Region auch mit dem Flugzeug gut erreichbar ist.</span></p>

<p>Versteckt in einer bezaubernden Berglandschaft entsteht dieses wunderschöne Projekt. Die Wohnungen bieten ein perfektes Gleichgewicht zwischen traditionellem Charakter und modernem Luxus. Die Verwendung von lokalem Holz, sowohl an der Fassade als auch in den Innenräumen, spiegelt Authentizität und Wärme wider. &nbsp; Erfahrene regionale Handwerker sorgen für eine hochwertige Verarbeitung, die jede Wohnung zu einem einzigartigen [&hellip;]</p>

<!-- This site is optimized with the Yoast SEO plugin v25.4 - https://yoast.com/wordpress/plugins/seo/ -->
<title>Braz/ Bludenz - Vorarlberg Unterradin - D&amp;D Second Home</title>
<meta name="robots" content="index, follow, max-snippet:-1, max-image-preview:large, max-video-preview:-1" />
<link rel="canonical" href="https://www.dd-secondhome.nl/de/woning/braz-bludenz-vorarlberg-unterradin/" />
<meta property="og:locale" content="de_DE" />
<meta property="og:type" content="article" />
<meta property="og:title" content="Braz/ Bludenz - Vorarlberg Unterradin - D&amp;D Second Home" />
<meta property="og:description" content="Versteckt in einer bezaubernden Berglandschaft entsteht dieses wunderschöne Projekt. Die Wohnungen bieten ein perfektes Gleichgewicht zwischen traditionellem Charakter und modernem Luxus. Die Verwendung von lokalem Holz, sowohl an der Fassade als auch in den Innenräumen, spiegelt Authentizität und Wärme wider. &nbsp; Erfahrene regionale Handwerker sorgen für eine hochwertige Verarbeitung, die jede Wohnung zu einem einzigartigen [&hellip;]" />
<meta property="og:url" content="https://www.dd-secondhome.nl/de/woning/braz-bludenz-vorarlberg-unterradin/" />
<meta property="og:site_name" content="D&amp;D Second Home" />
<meta property="article:modified_time" content="2025-09-10T12:28:29+00:00" />
<meta property="og:image" content="https://www.dd-secondhome.nl/wp-content/uploads/2024/03/210510-1510-Unterradin-Bild-02.jpg" />
	<meta property="og:image:width" content="1024" />
	<meta property="og:image:height" content="576" />
	<meta property="og:image:type" content="image/jpeg" />
<meta name="twitter:card" content="summary_large_image" />
<meta name="twitter:label1" content="Geschätzte Lesezeit" />
	<meta name="twitter:data1" content="2 Minuten" />
<script type="application/ld+json" class="yoast-schema-graph">{"@context":"https://schema.org","@graph":[{"@type":"WebPage","@id":"https://www.dd-secondhome.nl/de/woning/braz-bludenz-vorarlberg-unterradin/","url":"https://www.dd-secondhome.nl/de/woning/braz-bludenz-vorarlberg-unterradin/","name":"Braz/ Bludenz - Vorarlberg Unterradin - D&amp;D Second Home","isPartOf":{"@id":"https://www.dd-secondhome.nl/de/#website"},"primaryImageOfPage":{"@id":"https://www.dd-secondhome.nl/de/woning/braz-bludenz-vorarlberg-unterradin/#primaryimage"},"image":{"@id":"https://www.dd-secondhome.nl/de/woning/braz-bludenz-vorarlberg-unterradin/#primaryimage"},"thumbnailUrl":"https://www.dd-secondhome.nl/wp-content/uploads/2024/03/210510-1510-Unterradin-Bild-02.jpg","datePublished":"2024-03-18T14:33:31+00:00","dateModified":"2025-09-10T12:28:29+00:00","breadcrumb":{"@id":"https://www.dd-secondhome.nl/de/woning/braz-bludenz-vorarlberg-unterradin/#breadcrumb"},"inLanguage":"de","potentialAction":[{"@type":"ReadAction","target":["https://www.dd-secondhome.nl/de/woning/braz-bludenz-vorarlberg-unterradin/"]}]},{"@type":"ImageObject","inLanguage":"de","@id":"https://www.dd-secondhome.nl/de/woning/braz-bludenz-vorarlberg-unterradin/#primaryimage","url":"https://www.dd-secondhome.nl/wp-content/uploads/2024/03/210510-1510-Unterradin-Bild-02.jpg","contentUrl":"https://www.dd-secondhome.nl/wp-content/uploads/2024/03/210510-1510-Unterradin-Bild-02.jpg","width":1024,"height":576},{"@type":"BreadcrumbList","@id":"https://www.dd-secondhome.nl/de/woning/braz-bludenz-vorarlberg-unterradin/#breadcrumb","itemListElement":[{"@type":"ListItem","position":1,"name":"Home","item":"https://www.dd-secondhome.nl/de/"},{"@type":"ListItem","position":2,"name":"Braz/ Bludenz &#8211; Vorarlberg Unterradin"}]},{"@type":"WebSite","@id":"https://www.dd-secondhome.nl/de/#website","url":"https://www.dd-secondhome.nl/de/","name":"D&amp;D Second Home","description":"","potentialAction":[{"@type":"SearchAction","target":{"@type":"EntryPoint","urlTemplate":"https://www.dd-secondhome.nl/de/?s={search_term_string}"},"query-input":{"@type":"PropertyValueSpecification","valueRequired":true,"valueName":"search_term_string"}}],"inLanguage":"de"}]}</script>
<!-- / Yoast SEO plugin. -->

Versteckt in einer bezaubernden Berglandschaft entsteht dieses wunderschöne Projekt. Die Wohnungen bieten ein perfektes Gleichgewicht zwischen traditionellem Charakter und modernem Luxus. Die Verwendung von lokalem Holz, sowohl an der Fassade als auch in den Innenräumen, spiegelt Authentizität und Wärme wider. &nbsp; Erfahrene regionale Handwerker sorgen für eine hochwertige Verarbeitung, die jede Wohnung zu einem einzigartigen [&hellip;]
